{"id":11,"date":"2020-02-06T13:20:58","date_gmt":"2020-02-06T12:20:58","guid":{"rendered":"http:\/\/www.trentingarden.com\/site\/?page_id=11"},"modified":"2024-11-12T17:49:44","modified_gmt":"2024-11-12T16:49:44","slug":"piante-da-giardino","status":"publish","type":"page","link":"https:\/\/www.trentingarden.com\/site\/piante\/piante-da-giardino\/","title":{"rendered":"Piante da giardino"},"content":{"rendered":"\n<figure class=\"wp-block-image size-large\"><img loading=\"lazy\" decoding=\"async\" width=\"720\" height=\"537\" src=\"http:\/\/www.trentingarden.com\/site\/wp-content\/uploads\/2022\/02\/piante-da-giardino.jpg\" alt=\"\" class=\"wp-image-129\" srcset=\"https:\/\/www.trentingarden.com\/site\/wp-content\/uploads\/2022\/02\/piante-da-giardino.jpg 720w, https:\/\/www.trentingarden.com\/site\/wp-content\/uploads\/2022\/02\/piante-da-giardino-300x224.jpg 300w\" sizes=\"(max-width: 720px) 100vw, 720px\" \/><\/figure>\n\n\n\n<p>Il reparto delle piante da esterno \u00e8 il vero cuore del nostro garden.<br>Piante da giardino di massima qualit\u00e0 e assortimento vastissimo dalle sempreverdi, conifere, palme, erbacee perenni, rose, alberi da frutto e piccoli frutti.<br>Continui arrivi ci consentono di trovarvi dalle specie pi\u00f9 particolari alle pi\u00f9 consuete.<br>Nostra specialit\u00e0 sono l\u2019assortimento e la ricerca di nuove specie sopratutto rivolti verso le rose, ortensie ed erbacee perenni comprese le graminacee.<\/p>\n\n\n\n<p>Non ultimo il nostro interesse verso le essenze che identificano le piante dedicate alle api, insetti impollinatori e sentinelle dell\u2019inquinamento, con piante mirate a far si che questi insetti possano ripopolarsi anche nelle zone urbane.<br>Personale specializzato vi aiuter\u00e0 nella scelta e nella realizzazione di aiuole e arredi a verde di terrazzi tramite preventi su progetti computerizzati e la massima professionalit\u00e0 volta a farvi avere il miglior risultato.<\/p>\n","protected":false},"excerpt":{"rendered":"<p>Il reparto delle piante da esterno \u00e8 il vero cuore del nostro garden.Piante da giardino di massima qualit\u00e0 e assortimento vastissimo dalle sempreverdi, conifere, palme, erbacee perenni, rose, alberi da <a class=\"more-link\" href=\"https:\/\/www.trentingarden.com\/site\/piante\/piante-da-giardino\/\">Continua&#8230;<\/a><\/p>\n","protected":false},"author":1,"featured_media":0,"parent":34,"menu_order":3,"comment_status":"closed","ping_status":"closed","template":"","meta":{"footnotes":""},"class_list":["post-11","page","type-page","status-publish","hentry"],"_links":{"self":[{"href":"https:\/\/www.trentingarden.com\/site\/wp-json\/wp\/v2\/pages\/11"}],"collection":[{"href":"https:\/\/www.trentingarden.com\/site\/wp-json\/wp\/v2\/pages"}],"about":[{"href":"https:\/\/www.trentingarden.com\/site\/wp-json\/wp\/v2\/types\/page"}],"author":[{"embeddable":true,"href":"https:\/\/www.trentingarden.com\/site\/wp-json\/wp\/v2\/users\/1"}],"replies":[{"embeddable":true,"href":"https:\/\/www.trentingarden.com\/site\/wp-json\/wp\/v2\/comments?post=11"}],"version-history":[{"count":6,"href":"https:\/\/www.trentingarden.com\/site\/wp-json\/wp\/v2\/pages\/11\/revisions"}],"predecessor-version":[{"id":130,"href":"https:\/\/www.trentingarden.com\/site\/wp-json\/wp\/v2\/pages\/11\/revisions\/130"}],"up":[{"embeddable":true,"href":"https:\/\/www.trentingarden.com\/site\/wp-json\/wp\/v2\/pages\/34"}],"wp:attachment":[{"href":"https:\/\/www.trentingarden.com\/site\/wp-json\/wp\/v2\/media?parent=11"}],"curies":[{"name":"wp","href":"https:\/\/api.w.org\/{rel}","templated":true}]}}